{"id":3728,"date":"2022-08-29T15:37:00","date_gmt":"2022-08-29T21:37:00","guid":{"rendered":"http:\/\/centrolindavista.org.mx\/?page_id=3728"},"modified":"2022-09-02T13:05:39","modified_gmt":"2022-09-02T19:05:39","slug":"publicaciones-de-onu-y-otros-organos","status":"publish","type":"page","link":"http:\/\/centrolindavista.org.mx\/?page_id=3728","title":{"rendered":"Publicaciones de ONU y otros organos."},"content":{"rendered":"<p>[vc_row][vc_column width=\u00bb1\/4&#8243;][vc_wp_custommenu nav_menu=\u00bb41&#8243;][\/vc_column][vc_column width=\u00bb3\/4&#8243;]<div class=\"grop-section_text   grop-heading-69d2f1081ac66   vc_custom_1661808846256 text-left\"><div class=\"text-uppercase grop-sctn_title_fntSz-30   grop-heading-69d2f1081ac66  text-left\">Publicaciones de ONU y otros organos<\/div><p>Descarga dando clic en imagen o titulos<\/p><\/div>[vc_row_inner][vc_column_inner width=\u00bb2\/3&#8243;][vc_column_text]<strong>Naciones unidas para una mediaci\u00f3n eficaz.<\/strong><\/p>\n<p>Directrices de las Naciones Unidas para una mediaci\u00f3n eficaz<\/p>\n<p>La mediaci\u00f3n es uno de los m\u00e9todos m\u00e1s efectivos de prevenci\u00f3n,<\/p>\n<p>gesti\u00f3n y soluci\u00f3n de conflictos. No obstante, para que un proceso de<\/p>\n<p>mediaci\u00f3n sea efectivo no basta con nombrar a una persona eminente<\/p>\n<p>que act\u00fae como tercera parte. A menudo es necesario convencer a<\/p>\n<p>los antagonistas de las virtudes de la mediaci\u00f3n, y los procesos de<\/p>\n<p>paz deben contar con un apoyo pol\u00edtico, t\u00e9cnico y financiero firme.<\/p>\n<p>Las iniciativas de mediaci\u00f3n improvisadas y poco coordinadas, aunque<\/p>\n<p>se pongan en marcha con la mejor de las intenciones, no contribuyen<\/p>\n<p>al objetivo de lograr una paz duradera.[\/vc_column_text][\/vc_column_inner][vc_column_inner width=\u00bb1\/3&#8243;][vc_single_image image=\u00bb3461&#8243; img_size=\u00bbfull\u00bb onclick=\u00bbcustom_link\u00bb link=\u00bbhttp:\/\/centrolindavista.org.mx\/wp-content\/uploads\/2022\/03\/Directrices-de-las-naciones-unidas-para-una-mediacion-eficaz.pdf\u00bb][\/vc_column_inner][\/vc_row_inner][\/vc_column][\/vc_row]<\/p>\n","protected":false},"excerpt":{"rendered":"[vc_row][vc_column width=\u00bb1\/4&#8243;][vc_wp_custommenu nav_menu=\u00bb41&#8243;][\/vc_column][vc_column width=\u00bb3\/4&#8243;][vc_row_inner][vc_column_inner width=\u00bb2\/3&#8243;][vc_column_text]Naciones unidas para una mediaci\u00f3n eficaz. Directrices de las Naciones Unidas para una mediaci\u00f3n eficaz La mediaci\u00f3n es uno de los m\u00e9todos m\u00e1s efectivos de prevenci\u00f3n, gesti\u00f3n y soluci\u00f3n de conflictos. No obstante, para que un proceso de mediaci\u00f3n sea efectivo no basta con nombrar a una persona eminente que act\u00fae &#8230;","protected":false},"author":1,"featured_media":0,"parent":0,"menu_order":0,"comment_status":"closed","ping_status":"closed","template":"","meta":{"footnotes":""},"class_list":["post-3728","page","type-page","status-publish","hentry"],"_links":{"self":[{"href":"http:\/\/centrolindavista.org.mx\/index.php?rest_route=\/wp\/v2\/pages\/3728","targetHints":{"allow":["GET"]}}],"collection":[{"href":"http:\/\/centrolindavista.org.mx\/index.php?rest_route=\/wp\/v2\/pages"}],"about":[{"href":"http:\/\/centrolindavista.org.mx\/index.php?rest_route=\/wp\/v2\/types\/page"}],"author":[{"embeddable":true,"href":"http:\/\/centrolindavista.org.mx\/index.php?rest_route=\/wp\/v2\/users\/1"}],"replies":[{"embeddable":true,"href":"http:\/\/centrolindavista.org.mx\/index.php?rest_route=%2Fwp%2Fv2%2Fcomments&post=3728"}],"version-history":[{"count":2,"href":"http:\/\/centrolindavista.org.mx\/index.php?rest_route=\/wp\/v2\/pages\/3728\/revisions"}],"predecessor-version":[{"id":3770,"href":"http:\/\/centrolindavista.org.mx\/index.php?rest_route=\/wp\/v2\/pages\/3728\/revisions\/3770"}],"wp:attachment":[{"href":"http:\/\/centrolindavista.org.mx\/index.php?rest_route=%2Fwp%2Fv2%2Fmedia&parent=3728"}],"curies":[{"name":"wp","href":"https:\/\/api.w.org\/{rel}","templated":true}]}}