{"id":3530,"date":"2022-03-07T11:47:30","date_gmt":"2022-03-07T17:47:30","guid":{"rendered":"http:\/\/centrolindavista.org.mx\/?page_id=3530"},"modified":"2022-03-07T12:29:49","modified_gmt":"2022-03-07T18:29:49","slug":"dialogo-social-para-una-politica-exterior-de-estado","status":"publish","type":"page","link":"http:\/\/centrolindavista.org.mx\/?page_id=3530","title":{"rendered":"Di\u00e1logo social para una pol\u00edtica exterior de estado"},"content":{"rendered":"<p>[vc_row][vc_column width=\u00bb1\/4&#8243;][vc_wp_custommenu nav_menu=\u00bb45&#8243;][\/vc_column][vc_column width=\u00bb3\/4&#8243;]<div class=\"grop-section_text   grop-heading-69d30bde2ccc8   text-left\"><div class=\"text-uppercase grop-sctn_title_fntSz-30   grop-heading-69d30bde2ccc8  text-left\">Di\u00e1logo social para una pol\u00edtica exterior de estado<\/div><\/div>[vc_column_text]\u00cdndice<\/p>\n<p>PRESENTACI\u00d3N<\/p>\n<p><strong>PRIMERA PARTE:<\/strong>PARTICIPACION SOCIAL EN POL\u00cdTICA EXTERIOR, EXPERIENCIAS Y PROPUESTAS<\/p>\n<ul>\n<li>\u00bfPOR QU\u00c9 LA PARTICIPACI\u00d3N SSOCIAL EN POL\u00cdTICA EXTERIOR?<\/li>\n<li>EL A\u00d1O DE 1968, PARTEAGUAS DE LA PARTICIPACI\u00d3N CIVIL EN M\u00c9XICO<\/li>\n<li>LA SOCIEDAD CIVIL ORGANIZADA ANTE EL OCASO DEL ESTADO BENEFACTOR<\/li>\n<li>EL PORQU\u00c9 DE LA PARTICIPACI\u00d3N DE LA SOCIEDAD CIVIL EN POL\u00cdTICA EXTERIOR EN EL MARCO DE LA GLOBALIZACI\u00d3N<\/li>\n<\/ul>\n<ol>\n<li>\u00bfQU\u00c9 ES EL DI\u00c1LOGO SOCIAL PARA UNA POL\u00cdTICA DE ESTADO EN MATERIA DE POL\u00cdTICA EXTERIOR?<\/li>\n<\/ol>\n<p>III. PROPUESTAS DE PARTICIPACI\u00d3N E INSTITUCIONALIDAD<\/p>\n<ol>\n<li>INSTITUCIONALIDAD E INTEGRALIDAD DE UNA POL\u00cdTICA EXTERIOR DE LARGO PLAZO<\/li>\n<li>PARTICIPACI\u00d3N SOCIAL<\/li>\n<\/ol>\n<p><strong>SEGUNDA PARTE <\/strong>PROPUESTAS DE POL\u00cdTICA EXTERIOR<\/p>\n<ol>\n<li>CRITERIOS Y PRINCIPIOS FRENTE A LOS PROBLEMAS GLOBALES Y LA REESTRUCTURACI\u00d3N DEL SISTEMA MUNDIAL<\/li>\n<li>CRITERIOS Y PRINCIPIOS Y SU RELACI\u00d3N CON UN PROYECTO NACIONAL<\/li>\n<li>RESPUESTAS ANTE LA SITUACI\u00d3N INTERNACIONAL<\/li>\n<li>LOS INTERLOCUTORES INTERNACIONALES<\/li>\n<li>AM\u00c9RICA DEL NORTE<\/li>\n<li>AM\u00c9RICA LATINA Y EL CARIBE<\/li>\n<li>EUROPA 9<\/li>\n<li>ASIA PAC\u00cdFICO<\/li>\n<li>\u00c1FRICA, ASIA CENTRAL Y MEDIO ORIENTE<\/li>\n<li>LAS ESTRATEGIAS TEM\u00c1TICAS<\/li>\n<li>PAZ Y SEGURIDAD INTERNACIONAL<\/li>\n<li>DERECHOS HUMANOS Y MIGRACION<\/li>\n<li>CULTURA<\/li>\n<li>ENERGIA Y POLITICA EXTERIOR<\/li>\n<li>DESARROLLO SUSTENTABLE, ASPECTOS ECON\u00d3MICOS Y DESARROLLO REGIONAL<\/li>\n<li>COOPERACI\u00d3N INTERNACIONAL PARA EL DESARROLLO<\/li>\n<\/ol>\n<p>ANEXO: PROCESO Y PARTICIPANTES<\/p>\n<ol>\n<li>CITERIOS RECTORES DEL PROCESO DERIVADOS DEL CONVENIO DE COLABORACI\u00d3N<\/li>\n<li>COORDINACI\u00d3N Y EQUIPOS DE TRABAJO<\/li>\n<li>INSTITUCIONES ORGANIZADORAS<\/li>\n<\/ol>\n<p><a href=\"http:\/\/centrolindavista.org.mx\/wp-content\/uploads\/2022\/03\/Dialogo-Social12ag06asds.pdf\"><strong>Clic para descarga<\/strong><\/a>[\/vc_column_text][vc_column_text]<a href=\"http:\/\/centrolindavista.org.mx\/wp-content\/uploads\/2022\/03\/La-experiencia-y-aprendizajes-DSPE.pdf\"><strong>LA EXPERIENCIA Y APRENDIZAJES DEL DIALOGO SOCIAL PARA UNA POLITICA EXTERIOR DE LARGO PLAZO\u00a0 \u00a0(clic para descarga)<\/strong><\/a><\/p>\n<p>El presente documento es un acercamiento sistem\u00e1tico al proceso construido entre organizaciones de la sociedad civil y la Secretar\u00eda de Relaciones Exteriores para dialogar de manera informada y organizada sobre los principales temas estructurales y coyunturales de la pol\u00edtica exterior mexicana con visi\u00f3n de largo plazo.<\/p>\n<p>Se trata de retomar los aspectos planteados en el documento \u201cDi\u00e1logo Social para una Pol\u00edtica de Estado en materia de Pol\u00edtica Exterior\u201d publicado en 2006 y que informa de la primera etapa del proyecto (2005\u20102006), informando a la sociedad y gobierno sobre la segunda etapa (2007\u20102012).[\/vc_column_text][\/vc_column][\/vc_row]<\/p>\n","protected":false},"excerpt":{"rendered":"[vc_row][vc_column width=\u00bb1\/4&#8243;][vc_wp_custommenu nav_menu=\u00bb45&#8243;][\/vc_column][vc_column width=\u00bb3\/4&#8243;][vc_column_text]\u00cdndice PRESENTACI\u00d3N PRIMERA PARTE:PARTICIPACION SOCIAL EN POL\u00cdTICA EXTERIOR, EXPERIENCIAS Y PROPUESTAS \u00bfPOR QU\u00c9 LA PARTICIPACI\u00d3N SSOCIAL EN POL\u00cdTICA EXTERIOR? EL A\u00d1O DE 1968, PARTEAGUAS DE LA PARTICIPACI\u00d3N CIVIL EN M\u00c9XICO LA SOCIEDAD CIVIL ORGANIZADA ANTE EL OCASO DEL ESTADO BENEFACTOR EL PORQU\u00c9 DE LA PARTICIPACI\u00d3N DE LA SOCIEDAD CIVIL EN POL\u00cdTICA EXTERIOR &#8230;","protected":false},"author":1,"featured_media":0,"parent":0,"menu_order":0,"comment_status":"closed","ping_status":"closed","template":"","meta":{"footnotes":""},"class_list":["post-3530","page","type-page","status-publish","hentry"],"_links":{"self":[{"href":"http:\/\/centrolindavista.org.mx\/index.php?rest_route=\/wp\/v2\/pages\/3530","targetHints":{"allow":["GET"]}}],"collection":[{"href":"http:\/\/centrolindavista.org.mx\/index.php?rest_route=\/wp\/v2\/pages"}],"about":[{"href":"http:\/\/centrolindavista.org.mx\/index.php?rest_route=\/wp\/v2\/types\/page"}],"author":[{"embeddable":true,"href":"http:\/\/centrolindavista.org.mx\/index.php?rest_route=\/wp\/v2\/users\/1"}],"replies":[{"embeddable":true,"href":"http:\/\/centrolindavista.org.mx\/index.php?rest_route=%2Fwp%2Fv2%2Fcomments&post=3530"}],"version-history":[{"count":5,"href":"http:\/\/centrolindavista.org.mx\/index.php?rest_route=\/wp\/v2\/pages\/3530\/revisions"}],"predecessor-version":[{"id":3548,"href":"http:\/\/centrolindavista.org.mx\/index.php?rest_route=\/wp\/v2\/pages\/3530\/revisions\/3548"}],"wp:attachment":[{"href":"http:\/\/centrolindavista.org.mx\/index.php?rest_route=%2Fwp%2Fv2%2Fmedia&parent=3530"}],"curies":[{"name":"wp","href":"https:\/\/api.w.org\/{rel}","templated":true}]}}