{"id":3303,"date":"2022-02-09T17:49:22","date_gmt":"2022-02-09T17:49:22","guid":{"rendered":"http:\/\/centrolindavista.org.mx\/?page_id=3303"},"modified":"2022-02-23T21:44:41","modified_gmt":"2022-02-23T21:44:41","slug":"la-cultura","status":"publish","type":"page","link":"http:\/\/centrolindavista.org.mx\/?page_id=3303","title":{"rendered":"La Cultura"},"content":{"rendered":"<p>[vc_row][vc_column width=\u00bb1\/4&#8243;][vc_wp_custommenu nav_menu=\u00bb41&#8243;][\/vc_column][vc_column width=\u00bb3\/4&#8243;]<div class=\"grop-section_text   grop-heading-69f28e28e4f55   vc_custom_1644428001932 text-left\"><div class=\"text-uppercase grop-sctn_title_fntSz-30   grop-heading-69f28e28e4f55  text-left\">La Cultura<\/div><\/div>[vc_row_inner][vc_column_inner width=\u00bb2\/3&#8243;][vc_column_text]<\/p>\n<p class=\"Estilo23\" align=\"justify\"><strong>La Cultura<br \/>\nFuente del Desarrollo Integral\u00a0<\/strong>(clic <a href=\"http:\/\/centrolindavista.org.mx\/wp-content\/uploads\/2022\/02\/la_cultura.pdf\"><strong>aqu\u00ed<\/strong> <\/a>para descarga)<\/p>\n<p class=\"Estilo6\" align=\"justify\"><em>por Adalberto Savi\u00f3n Diez de Sollano<\/em><\/p>\n<p class=\"Estilo12\" align=\"justify\">An\u00e1lisis y propuestas para del desarrollo regional y local<\/p>\n<p class=\"Estilo38\" align=\"justify\"><span style=\"color: #0000ff;\"><a style=\"color: #0000ff;\" href=\"http:\/\/centrolindavista.org.mx\/wp-content\/uploads\/2022\/02\/Anexo1_-el_-centro_pais.pdf\">Anexo 1. Propuesta: El Centro del Pa\u00eds: Regi\u00f3n de Cultura<\/a><\/span><\/p>\n<p class=\"Estilo38\" align=\"justify\"><span style=\"color: #0000ff;\"><a style=\"color: #0000ff;\" href=\"http:\/\/centrolindavista.org.mx\/wp-content\/uploads\/2022\/02\/Anexo2_prop_dis_cul.pdf\">Anexo 2. Propuesta: Distritos Culturales en el Sur-Sureste<\/a><\/span><\/p>\n<p class=\"Estilo38\" align=\"justify\"><span style=\"color: #0000ff;\"><a style=\"color: #0000ff;\" href=\"http:\/\/centrolindavista.org.mx\/wp-content\/uploads\/2022\/02\/Anexo3_guia_selec_posi_dis_cul.pdf\">Anexo 3. Gu\u00eda para la Selecci\u00f3n del Posibles Distritos Culturales<\/a><\/span><\/p>\n<p class=\"Estilo38\" align=\"justify\"><span style=\"color: #0000ff;\"><a style=\"color: #0000ff;\" href=\"http:\/\/centrolindavista.org.mx\/wp-content\/uploads\/2022\/02\/Anexo4_guia-analisis_est_dis_cul.pdf\">Anexo 4. Gu\u00eda para el An\u00e1lisis y Establecimiento de Distritos Culturales<\/a><\/span><\/p>\n<p class=\"Estilo38\" align=\"justify\"><span style=\"color: #0000ff;\"><a style=\"color: #0000ff;\" href=\"http:\/\/centrolindavista.org.mx\/wp-content\/uploads\/2022\/02\/Anexo5_establecimiento_pics.pdf\">Anexo 5. Establecimiento de PICS<\/a><\/span><br \/>\n(Proyectos de Apoyo a la Organizaci\u00f3n y Planeaci\u00f3n Integral Comunitaria en Regiones Culturales en el Sur-Sureste: Regi\u00f3n de la Chinantla)<\/p>\n<p class=\"Estilo38\" align=\"justify\"><span style=\"color: #0000ff;\"><a style=\"color: #0000ff;\" href=\"http:\/\/centrolindavista.org.mx\/wp-content\/uploads\/2022\/02\/Anexo6_legis_iniciativa_ley.pdf\">Anexo 6. Legislaci\u00f3n: Iniciativa de Ley para el Fomento de las Industrias Culturales Mexicanas<\/a><\/span><\/p>\n<p class=\"Estilo38\" align=\"justify\"><span style=\"color: #0000ff;\"><a style=\"color: #0000ff;\" href=\"http:\/\/centrolindavista.org.mx\/wp-content\/uploads\/2022\/02\/Anexo7_instal-inicio_ludoteca.pdf\">Anexo 7. Instalaci\u00f3n e Inicio de Operaciones de una Ludoteca<\/a><\/span><\/p>\n<p class=\"Estilo38\" align=\"justify\"><span style=\"color: #0000ff;\"><a style=\"color: #0000ff;\" href=\"http:\/\/centrolindavista.org.mx\/wp-content\/uploads\/2022\/02\/Anexo8_proy_cap_ind_cul.pdf\">Anexo 8. Proyecto de Centro de Articulaci\u00f3n Productiva de Industrias Culturales<\/a><\/span><\/p>\n<p>[\/vc_column_text][\/vc_column_inner][vc_column_inner width=\u00bb1\/3&#8243;][vc_single_image image=\u00bb3304&#8243; img_size=\u00bbfull\u00bb onclick=\u00bbcustom_link\u00bb link=\u00bbhttp:\/\/centrolindavista.org.mx\/wp-content\/uploads\/2022\/02\/la_cultura.pdf\u00bb][vc_column_text]<span style=\"font-size: 13px;\"><strong>Clic en la imagen para descarga<\/strong><\/span>[\/vc_column_text][\/vc_column_inner][\/vc_row_inner][\/vc_column][\/vc_row]<\/p>\n","protected":false},"excerpt":{"rendered":"[vc_row][vc_column width=\u00bb1\/4&#8243;][vc_wp_custommenu nav_menu=\u00bb41&#8243;][\/vc_column][vc_column width=\u00bb3\/4&#8243;][vc_row_inner][vc_column_inner width=\u00bb2\/3&#8243;][vc_column_text] La Cultura Fuente del Desarrollo Integral\u00a0(clic aqu\u00ed para descarga) por Adalberto Savi\u00f3n Diez de Sollano An\u00e1lisis y propuestas para del desarrollo regional y local Anexo 1. Propuesta: El Centro del Pa\u00eds: Regi\u00f3n de Cultura Anexo 2. Propuesta: Distritos Culturales en el Sur-Sureste Anexo 3. Gu\u00eda para la Selecci\u00f3n del Posibles &#8230;","protected":false},"author":1,"featured_media":0,"parent":0,"menu_order":0,"comment_status":"closed","ping_status":"closed","template":"","meta":{"footnotes":""},"class_list":["post-3303","page","type-page","status-publish","hentry"],"_links":{"self":[{"href":"http:\/\/centrolindavista.org.mx\/index.php?rest_route=\/wp\/v2\/pages\/3303","targetHints":{"allow":["GET"]}}],"collection":[{"href":"http:\/\/centrolindavista.org.mx\/index.php?rest_route=\/wp\/v2\/pages"}],"about":[{"href":"http:\/\/centrolindavista.org.mx\/index.php?rest_route=\/wp\/v2\/types\/page"}],"author":[{"embeddable":true,"href":"http:\/\/centrolindavista.org.mx\/index.php?rest_route=\/wp\/v2\/users\/1"}],"replies":[{"embeddable":true,"href":"http:\/\/centrolindavista.org.mx\/index.php?rest_route=%2Fwp%2Fv2%2Fcomments&post=3303"}],"version-history":[{"count":5,"href":"http:\/\/centrolindavista.org.mx\/index.php?rest_route=\/wp\/v2\/pages\/3303\/revisions"}],"predecessor-version":[{"id":3441,"href":"http:\/\/centrolindavista.org.mx\/index.php?rest_route=\/wp\/v2\/pages\/3303\/revisions\/3441"}],"wp:attachment":[{"href":"http:\/\/centrolindavista.org.mx\/index.php?rest_route=%2Fwp%2Fv2%2Fmedia&parent=3303"}],"curies":[{"name":"wp","href":"https:\/\/api.w.org\/{rel}","templated":true}]}}

<p>[vc_row][vc_column width=»1/4&#8243;][vc_wp_custommenu nav_menu=»41&#8243;][/vc_column][vc_column width=»3/4&#8243;]<div class="grop-section_text   grop-heading-69f28e28e4f55   vc_custom_1644428001932 text-left"><div class="text-uppercase grop-sctn_title_fntSz-30   grop-heading-69f28e28e4f55  text-left">La Cultura</div></div>[vc_row_inner][vc_column_inner width=»2/3&#8243;][vc_column_text]</p>
<p class="Estilo23" align="justify"><strong>La Cultura<br />
Fuente del Desarrollo Integral </strong>(clic <a href="http://centrolindavista.org.mx/wp-content/uploads/2022/02/la_cultura.pdf"><strong>aquí</strong> </a>para descarga)</p>
<p class="Estilo6" align="justify"><em>por Adalberto Savión Diez de Sollano</em></p>
<p class="Estilo12" align="justify">Análisis y propuestas para del desarrollo regional y local</p>
<p class="Estilo38" align="justify"><span style="color: #0000ff;"><a style="color: #0000ff;" href="http://centrolindavista.org.mx/wp-content/uploads/2022/02/Anexo1_-el_-centro_pais.pdf">Anexo 1. Propuesta: El Centro del País: Región de Cultura</a></span></p>
<p class="Estilo38" align="justify"><span style="color: #0000ff;"><a style="color: #0000ff;" href="http://centrolindavista.org.mx/wp-content/uploads/2022/02/Anexo2_prop_dis_cul.pdf">Anexo 2. Propuesta: Distritos Culturales en el Sur-Sureste</a></span></p>
<p class="Estilo38" align="justify"><span style="color: #0000ff;"><a style="color: #0000ff;" href="http://centrolindavista.org.mx/wp-content/uploads/2022/02/Anexo3_guia_selec_posi_dis_cul.pdf">Anexo 3. Guía para la Selección del Posibles Distritos Culturales</a></span></p>
<p class="Estilo38" align="justify"><span style="color: #0000ff;"><a style="color: #0000ff;" href="http://centrolindavista.org.mx/wp-content/uploads/2022/02/Anexo4_guia-analisis_est_dis_cul.pdf">Anexo 4. Guía para el Análisis y Establecimiento de Distritos Culturales</a></span></p>
<p class="Estilo38" align="justify"><span style="color: #0000ff;"><a style="color: #0000ff;" href="http://centrolindavista.org.mx/wp-content/uploads/2022/02/Anexo5_establecimiento_pics.pdf">Anexo 5. Establecimiento de PICS</a></span><br />
(Proyectos de Apoyo a la Organización y Planeación Integral Comunitaria en Regiones Culturales en el Sur-Sureste: Región de la Chinantla)</p>
<p class="Estilo38" align="justify"><span style="color: #0000ff;"><a style="color: #0000ff;" href="http://centrolindavista.org.mx/wp-content/uploads/2022/02/Anexo6_legis_iniciativa_ley.pdf">Anexo 6. Legislación: Iniciativa de Ley para el Fomento de las Industrias Culturales Mexicanas</a></span></p>
<p class="Estilo38" align="justify"><span style="color: #0000ff;"><a style="color: #0000ff;" href="http://centrolindavista.org.mx/wp-content/uploads/2022/02/Anexo7_instal-inicio_ludoteca.pdf">Anexo 7. Instalación e Inicio de Operaciones de una Ludoteca</a></span></p>
<p class="Estilo38" align="justify"><span style="color: #0000ff;"><a style="color: #0000ff;" href="http://centrolindavista.org.mx/wp-content/uploads/2022/02/Anexo8_proy_cap_ind_cul.pdf">Anexo 8. Proyecto de Centro de Articulación Productiva de Industrias Culturales</a></span></p>
<p>[/vc_column_text][/vc_column_inner][vc_column_inner width=»1/3&#8243;][vc_single_image image=»3304&#8243; img_size=»full» onclick=»custom_link» link=»http://centrolindavista.org.mx/wp-content/uploads/2022/02/la_cultura.pdf»][vc_column_text]<span style="font-size: 13px;"><strong>Clic en la imagen para descarga</strong></span>[/vc_column_text][/vc_column_inner][/vc_row_inner][/vc_column][/vc_row]</p>

[vc_row][vc_column width=»1/4&#8243;][vc_wp_custommenu nav_menu=»41&#8243;][/vc_column][vc_column width=»3/4&#8243;][vc_row_inner][vc_column_inner width=»2/3&#8243;][vc_column_text] La Cultura Fuente del Desarrollo Integral (clic aquí para descarga) por Adalberto Savión Diez de Sollano Análisis y propuestas para del desarrollo regional y local Anexo 1. Propuesta: El Centro del País: Región de Cultura Anexo 2. Propuesta: Distritos Culturales en el Sur-Sureste Anexo 3. Guía para la Selección del Posibles &#8230;
