{"id":3295,"date":"2022-02-09T17:24:46","date_gmt":"2022-02-09T17:24:46","guid":{"rendered":"http:\/\/centrolindavista.org.mx\/?page_id=3295"},"modified":"2022-09-06T16:30:44","modified_gmt":"2022-09-06T22:30:44","slug":"pobreza-y-politicas-sociales-2","status":"publish","type":"page","link":"http:\/\/centrolindavista.org.mx\/?page_id=3295","title":{"rendered":"Publicaciones de Pobreza y Pol\u00edticas Sociales"},"content":{"rendered":"<p>[vc_row][vc_column width=\u00bb1\/4&#8243;][vc_wp_custommenu nav_menu=\u00bb41&#8243;][\/vc_column][vc_column width=\u00bb3\/4&#8243;]<div class=\"grop-section_text   grop-heading-69d2f0c21c4ce   vc_custom_1644426950844 text-left\"><div class=\"text-uppercase grop-sctn_title_fntSz-30   grop-heading-69d2f0c21c4ce  text-left\">Publicaciones Pobreza y Pol\u00edticas Sociales<\/div><\/div>[vc_row_inner][vc_column_inner width=\u00bb2\/3&#8243;][vc_column_text]<\/p>\n<p class=\"Estilo4\" align=\"justify\"><strong>Criterios de Eficiencia y de Eficacia<\/strong><br \/>\n<strong>de la Pol\u00edtica Social<\/strong><\/p>\n<p class=\"Estilo3\" align=\"justify\">Por Luis Ratinoff<\/p>\n<p class=\"Estilo9\" align=\"justify\">Desde el punto de vista de la provisi\u00f3n de servicios siempre existen obligaciones predefinidas para extender beneficios espec\u00edficos a sectores identificables de la poblaci\u00f3n. Es una actividad doblemente conceptualizada. Hay categor\u00edas de individuos o de familias que constituyen la poblaci\u00f3n meta y hay tambi\u00e9n un conjunto de beneficios concedidos que est\u00e1n generalmente asociados a m\u00e9todos y procedimientos de producci\u00f3n y entrega. Tras estas definiciones, se ocultan supuestos que asocian la provisi\u00f3n de beneficios con niveles espec\u00edficos de bienestar.<\/p>\n<p class=\"Estilo9\" align=\"justify\">Estos supuestos tienen un alto contenido de voluntarismo ya que tienden a premiar el efecto positivo de las intervenciones y a minimizar las dificultades provenientes de los instrumentos y del medio.<\/p>\n<p>[\/vc_column_text][\/vc_column_inner][vc_column_inner width=\u00bb1\/3&#8243;][vc_single_image image=\u00bb3296&#8243; img_size=\u00bbfull\u00bb onclick=\u00bbcustom_link\u00bb link=\u00bbhttp:\/\/centrolindavista.org.mx\/wp-content\/uploads\/2022\/03\/Dolor-de-los-pobres.pdf\u00bb][vc_column_text]<\/p>\n<p style=\"text-align: center;\"><a href=\"http:\/\/centrolindavista.org.mx\/wp-content\/uploads\/2022\/03\/Dolor-de-los-pobres.pdf\"><strong>Clic para descarga.<\/strong><\/a><\/p>\n<p>[\/vc_column_text][\/vc_column_inner][\/vc_row_inner][vc_separator][vc_row_inner][vc_column_inner width=\u00bb2\/3&#8243;][vc_column_text]<\/p>\n<p class=\"Estilo5\" align=\"justify\"><strong>Teor\u00eda Econ\u00f3mica y Pobreza<\/strong><\/p>\n<p class=\"Estilo6\" align=\"justify\">Por Luis Ratinoff<\/p>\n<p class=\"Estilo9\" align=\"justify\">Quisiera se\u00f1alar primero que m\u00e1s que una ciencia del comportamiento econ\u00f3mico, hay un conjunto de buenas teor\u00edas y paradigmas interpretativos. Este conjunto de proposiciones l\u00f3gicas basadas en supuestos permite evaluar la racionalidad del comportamiento real. Todos sabemos que estas teor\u00edas explican la opci\u00f3n racional pero no la realidad del comportamiento.<\/p>\n<p class=\"Estilo9\" align=\"justify\">Las teor\u00edas econ\u00f3micas se originan a partir de los supuestos, posibilidades y opciones de la acci\u00f3n optimizadora de un individuo hedonista y utilitario, que decide dentro de un escenario de alternativas y posibilidades. Este ejercicio es valorativamente neutro, para el sujeto abstracto de la acci\u00f3n todos los fines tienen el mismo valor y la racionalidad de su decisi\u00f3n es end\u00f3gena, ya que est\u00e1 determinada por la finitud de los medios.<\/p>\n<p>[\/vc_column_text][\/vc_column_inner][vc_column_inner width=\u00bb1\/3&#8243;][vc_single_image image=\u00bb3298&#8243; img_size=\u00bbfull\u00bb onclick=\u00bbcustom_link\u00bb link=\u00bbhttp:\/\/centrolindavista.org.mx\/wp-content\/uploads\/2022\/02\/teoria-economica-y-pobreza.pdf\u00bb][\/vc_column_inner][\/vc_row_inner][vc_separator][vc_separator][vc_row_inner][vc_column_inner width=\u00bb2\/3&#8243;][vc_column_text]<strong>Dolor de la tierra, dolor de los pobres.<\/strong><\/p>\n<p>La publicaci\u00f3n plantea la problem\u00e1tica de medio ambiente y la de la pobreza y desigualdad de manera simult\u00e1nea. Fue publicada por Caritas mexicana y Centro Lindavista. Indice: 1.-La tierra gime, los pobres claman \u00a1actuemos ya! Crisis ecol\u00f3gica y cambio clim\u00e1tico en la DSI, 2.-Primeras Reflexiones para una Visi\u00f3n Integral de la Problem\u00e1tica en el M\u00e9xico de Hoy, 3.-Pobreza y Desigualdad: enfoques y dimensiones y la situaci\u00f3n en M\u00e9xico, 4.-La situaci\u00f3n ambiental en M\u00e9xico, con especial \u00e9nfasis en cambio clim\u00e1tico, 5.-Propuestas y Compromisos[\/vc_column_text][\/vc_column_inner][vc_column_inner width=\u00bb1\/3&#8243;][vc_single_image image=\u00bb3467&#8243; img_size=\u00bbfull\u00bb onclick=\u00bbcustom_link\u00bb][\/vc_column_inner][\/vc_row_inner][vc_separator][vc_row_inner][vc_column_inner][vc_column_text]<strong>\u00a1Los pobres no pueden esperar!<\/strong><\/p>\n<p><span style=\"color: #0000ff;\"><a style=\"color: #0000ff;\" href=\"http:\/\/centrolindavista.org.mx\/wp-content\/uploads\/2022\/03\/Los-pobres-no-pueden-esperar.pdf\"><strong>La pobreza y la desigualdad en M\u00e9xico<\/strong><\/a><\/span><\/p>\n<p>&nbsp;<\/p>\n<p>Publicado por:<\/p>\n<p>Caritas Mexicana<\/p>\n<p>Centro Lindavista<\/p>\n<p>Indice<\/p>\n<p>I. Los pobres no pueden esperar: El imperativo desde la ense\u00f1anza social<\/p>\n<p>II. Una mirada y un oido encarnados y fraternos<\/p>\n<p>III. Emprender juntos un caminar de esperanza y compromiso<\/p>\n<p>Publicado 2010[\/vc_column_text][\/vc_column_inner][\/vc_row_inner][\/vc_column][\/vc_row]<\/p>\n","protected":false},"excerpt":{"rendered":"[vc_row][vc_column width=\u00bb1\/4&#8243;][vc_wp_custommenu nav_menu=\u00bb41&#8243;][\/vc_column][vc_column width=\u00bb3\/4&#8243;][vc_row_inner][vc_column_inner width=\u00bb2\/3&#8243;][vc_column_text] Criterios de Eficiencia y de Eficacia de la Pol\u00edtica Social Por Luis Ratinoff Desde el punto de vista de la provisi\u00f3n de servicios siempre existen obligaciones predefinidas para extender beneficios espec\u00edficos a sectores identificables de la poblaci\u00f3n. Es una actividad doblemente conceptualizada. Hay categor\u00edas de individuos o de familias que &#8230;","protected":false},"author":1,"featured_media":0,"parent":0,"menu_order":0,"comment_status":"closed","ping_status":"closed","template":"","meta":{"footnotes":""},"class_list":["post-3295","page","type-page","status-publish","hentry"],"_links":{"self":[{"href":"http:\/\/centrolindavista.org.mx\/index.php?rest_route=\/wp\/v2\/pages\/3295","targetHints":{"allow":["GET"]}}],"collection":[{"href":"http:\/\/centrolindavista.org.mx\/index.php?rest_route=\/wp\/v2\/pages"}],"about":[{"href":"http:\/\/centrolindavista.org.mx\/index.php?rest_route=\/wp\/v2\/types\/page"}],"author":[{"embeddable":true,"href":"http:\/\/centrolindavista.org.mx\/index.php?rest_route=\/wp\/v2\/users\/1"}],"replies":[{"embeddable":true,"href":"http:\/\/centrolindavista.org.mx\/index.php?rest_route=%2Fwp%2Fv2%2Fcomments&post=3295"}],"version-history":[{"count":4,"href":"http:\/\/centrolindavista.org.mx\/index.php?rest_route=\/wp\/v2\/pages\/3295\/revisions"}],"predecessor-version":[{"id":3780,"href":"http:\/\/centrolindavista.org.mx\/index.php?rest_route=\/wp\/v2\/pages\/3295\/revisions\/3780"}],"wp:attachment":[{"href":"http:\/\/centrolindavista.org.mx\/index.php?rest_route=%2Fwp%2Fv2%2Fmedia&parent=3295"}],"curies":[{"name":"wp","href":"https:\/\/api.w.org\/{rel}","templated":true}]}}