{"id":3022,"date":"2022-01-27T18:36:36","date_gmt":"2022-01-27T18:36:36","guid":{"rendered":"http:\/\/centrolindavista.org.mx\/?page_id=3022"},"modified":"2022-09-06T16:12:48","modified_gmt":"2022-09-06T22:12:48","slug":"coleccion-de-economia","status":"publish","type":"page","link":"http:\/\/centrolindavista.org.mx\/?page_id=3022","title":{"rendered":"Colecci\u00f3n de Econom\u00eda"},"content":{"rendered":"<p>[vc_row][vc_column width=\u00bb1\/4&#8243;][vc_wp_custommenu nav_menu=\u00bb41&#8243;][\/vc_column][vc_column width=\u00bb3\/4&#8243;]<div class=\"grop-section_text   grop-heading-69df2d50369e1   vc_custom_1645647291472 text-left\"><div class=\"text-uppercase grop-sctn_title_fntSz-30   grop-heading-69df2d50369e1  text-left\">Colecci\u00f3n de Econom\u00eda<\/div><p>\u201cPueden descargar algunos de los t\u00edtulos dando clic en la imagen de portada\u201d<\/p><\/div>[vc_separator][vc_row_inner][vc_column_inner width=\u00bb1\/4&#8243;][vc_single_image image=\u00bb3025&#8243; img_size=\u00bbfull\u00bb][\/vc_column_inner][vc_column_inner width=\u00bb3\/4&#8243;][vc_column_text]<\/p>\n<p class=\"Estilo3\" align=\"left\"><strong>LA MODERNIDAD PROBLEM\u00c1TICA<\/strong><\/p>\n<p class=\"Estilo4\" align=\"left\">por Ernesto Ottone<\/p>\n<p class=\"Estilo14\" align=\"justify\">Los cambios de par\u00e1metros pol\u00edticos, que cristalizaron en la ca\u00edda del muro de Berl\u00edn, permitieron un redise\u00f1o global de la arquitectura pol\u00edtica del planeta as\u00ed como la consolidaci\u00f3n de un nuevo m\u00e9todo productivo con base en las comunicaciones, el avance tecnol\u00f3gico, la progresiva globalizaci\u00f3n de los mercados y la consecuente exacerbaci\u00f3n de la competitividad.<\/p>\n<p align=\"justify\"><span class=\"Estilo14\">Sin embargo, la modernidad alcanza a los Estados de Am\u00e9rica Latina sin los cimientos de los Estados Modernos de Europa, cuyo concepto surge de la homogeneidad hist\u00f3rico-cultural de car\u00e1cter nacional que los precedieron. Ante esta disparidad, Ernesto Ottone nos propone que la transformaci\u00f3n productiva puede darse si se construye un consenso educativo que se centre en la equidad, la competitividad y un sentido de ciudadan\u00eda.<\/span><\/p>\n<p>[\/vc_column_text][\/vc_column_inner][\/vc_row_inner][vc_separator][vc_row_inner][vc_column_inner width=\u00bb2\/3&#8243;][vc_column_text]<\/p>\n<p class=\"Estilo3\" align=\"left\"><strong><a href=\"http:\/\/centrolindavista.org.mx\/wp-content\/uploads\/2022\/02\/pobreza_riqueza.pdf\" target=\"_blank\" rel=\"noopener\">POBREZA, RIQUEZA Y DESARROLLO SUSTENTABLE<\/a><\/strong><\/p>\n<p class=\"Estilo4\" align=\"justify\">por David Barkin<\/p>\n<p align=\"justify\">Dos caminos divergentes: uno hacia la riqueza, el otro hacia la pobreza.<\/p>\n<p align=\"justify\">Las sociedades rurales del tercer mundo padecen de empobrecimiento, desintegraci\u00f3n social, emigraci\u00f3n en gran escala y devastaci\u00f3n ambiental. Aunque todav\u00eda existe debate para asignar responsabilidades, la mayor parte de los pobres contin\u00faan viviendo en zonas rurales y luchando contra todo para sobrevivir. Para muchos, la pobreza y la marginalidad a\u00fan son obst\u00e1culos dif\u00edciles de superar. El debate moderno alrededor del desarrollo rural, inspirado en parte por la b\u00fasqueda de la sostenibilidad, refleja la profunda polarizaci\u00f3n que permea todas las dimensiones de la vida en estos pa\u00edses.<\/p>\n<p>[\/vc_column_text][\/vc_column_inner][vc_column_inner width=\u00bb1\/3&#8243;][vc_single_image image=\u00bb3029&#8243; img_size=\u00bbfull\u00bb onclick=\u00bbcustom_link\u00bb link=\u00bbhttp:\/\/centrolindavista.org.mx\/wp-content\/uploads\/2022\/02\/pobreza_riqueza.pdf\u00bb][\/vc_column_inner][\/vc_row_inner][vc_row_inner][vc_column_inner][vc_column_text]<\/p>\n<div align=\"justify\">\n<p>Las historias estereotipadas de la modernizaci\u00f3n en Am\u00e9rica Latina describen la marcha del progreso en t\u00e9rminos exageradamente ben\u00e9volos.<\/p>\n<p>El an\u00e1lisis convencional del desarrollo agr\u00edcola alaba y premia a los pocos productores que tienen los recursos y conocimientos para utilizar paquetes agresivos e innovadores destinados a modernizar la producci\u00f3n rural. En contraste, de los productores pobres se dice que en tanto son circunscritos por su herencia \u00e9tnica y social, y por una carencia de conocimiento y capital, destruyen y desperdician el potencial productivo de su legado natural; siguen cultivando productos tradicionales en lugares inadecuados, con t\u00e9cnicas y semillas obsoletas.<\/p>\n<\/div>\n<p>[\/vc_column_text][\/vc_column_inner][\/vc_row_inner][vc_separator][vc_row_inner][vc_column_inner width=\u00bb1\/4&#8243;][vc_single_image image=\u00bb3115&#8243; img_size=\u00bbfull\u00bb][\/vc_column_inner][vc_column_inner width=\u00bb3\/4&#8243;][vc_column_text]<\/p>\n<p class=\"Estilo3\" align=\"left\"><strong>VOCES DEL ASIA ORIENTAL<\/strong><\/p>\n<p class=\"Estilo4\" align=\"left\">por Mitsuhiro Kagami<\/p>\n<p align=\"justify\">\u00abPara incrementar la competitividad y calidad es crucial tomar medidas para el eslabonamiento industrial, espec\u00edficamente entre grandes y peque\u00f1as empresas, de forma de crear nuevos n\u00facleos de productividad y desarrollo tecnol\u00f3gico\u00bb. Este es el punto central del libro, el desarrollo de cadenas din\u00e1micas que impulsen el crecimiento, particularmente la concatenaci\u00f3n entre productores y ensambla dores de partes y componentes.<\/p>\n<p align=\"justify\">Es un libro diferente y en un lenguaje entendible, tratando de dar contenido a la fortaleza de lo que ha sido el desarrollo asi\u00e1tico, el cual una y otra vez sorprende a los latinoamericanos por su dinamismo y mayor equidad.<\/p>\n<p align=\"justify\">Clemente Ruiz Dur\u00e1n<\/p>\n<p>[\/vc_column_text][\/vc_column_inner][\/vc_row_inner][vc_separator][vc_row_inner][vc_column_inner width=\u00bb2\/3&#8243;][vc_column_text]<\/p>\n<p class=\"Estilo3\" align=\"left\"><strong><a href=\"http:\/\/centrolindavista.org.mx\/wp-content\/uploads\/2022\/02\/Innovacion2016.pdf\" target=\"_blank\" rel=\"noopener\">INNOVACI\u00d3N Y TERRITORIO<\/a><\/strong><\/p>\n<p>por Patrizio Bianchi<\/p>\n<p align=\"justify\"><span class=\"Estilo3\">Politicas para las Peque\u00f1as y Medianas Empresas<\/span><\/p>\n<p align=\"justify\">\u00bfQu\u00e9 procesos pr\u00e1cticos podemos realizar para que las peque\u00f1as y medianas empresas accedan a tecnolog\u00eda, mercados y alianzas? \u00bfQu\u00e9 se ha hecho en Italia, Francia, Suecia, Dinamarca, Portugal, Irlanda y en los pa\u00edses del Mediterr\u00e1neo para promover la competitividad?<br \/>\n\u00bfLas PyMEs nos importan s\u00f3lo porque generan empleo? O \u00bfpueden ser una importante contribuci\u00f3n a la competitividad del Sistema-M\u00e9xico? \u00bfRepresentan una fuerza a favor de una sociedad m\u00e1s equitativa y estable?<\/p>\n<p>[\/vc_column_text][\/vc_column_inner][vc_column_inner width=\u00bb1\/3&#8243;][vc_single_image image=\u00bb3125&#8243; img_size=\u00bbfull\u00bb onclick=\u00bbcustom_link\u00bb link=\u00bbhttp:\/\/centrolindavista.org.mx\/wp-content\/uploads\/2022\/02\/Innovacion2016.pdf\u00bb][\/vc_column_inner][\/vc_row_inner][vc_column_text]<\/p>\n<p align=\"justify\">El pensamiento pr\u00e1ctico del equipo de investigadores que liderea Patrizio Bianchi, representa una importante contribuci\u00f3n para el di\u00e1lgo mexicano sobre als PyMEs.<br \/>\nLos temas tratados en este libro son centrales en el debate sobre un pol\u00edtica industrial para hoy, y para el siglo XXI, Esperamos que sean \u00fatiles para los insdustriales, los funcionarios, los estudiosos, lo investigadores y todos los mexicanos interesados en el futuro del pa\u00eds.<\/p>\n<p>Adalberto Savi\u00f1\u00f3n.<\/p>\n<p align=\"justify\"><a href=\"http:\/\/www.centrolindavista.org.mx\/Innovacion2016.pdf\" target=\"_blank\" rel=\"noopener\">Descargar<\/a><\/p>\n<p>[\/vc_column_text][vc_separator][vc_row_inner][vc_column_inner width=\u00bb1\/4&#8243;][vc_single_image image=\u00bb3121&#8243; img_size=\u00bbfull\u00bb][\/vc_column_inner][vc_column_inner width=\u00bb3\/4&#8243;][vc_column_text]<\/p>\n<table border=\"0\" cellspacing=\"5\">\n<tbody>\n<tr>\n<td>\n<p class=\"Estilo3\" align=\"left\"><strong>EDUCACI\u00d3N, \u00c9TICA Y ECONOM\u00cdA EN AM\u00c9RICA LATINA<\/strong><\/p>\n<p class=\"Estilo4\" align=\"left\">por CEPAL, Calder\u00f3n, Hopenhayn, Ottone, Ratinoff y Goulet<\/p>\n<p align=\"justify\">Actualmente al retomarse visiones de m\u00e1s largo plazo en que son temas centrales de preocupaci\u00f3n, la gobernabilidad y la sostenibilidad o sustentabilidad, el tema del desarrollo en una acepci\u00f3n m\u00e1s amplia vuelve a reclamar la atenci\u00f3n de estudios y tomadores de decisi\u00f3n. Este libro aporta una muy interesante complicaci\u00f3n de trabajos y ensayos sobre la verdadera dimensi\u00f3n del trabajo.<\/p>\n<p align=\"justify\">Plantea algo que por conocido no deja de ser esencial de recordar y reafirmar: el verdadero desarrollo es mucho m\u00e1s que un concepto econ\u00f3mico medible a trav\u00e9s del mejoramiento de variables econ\u00f3micas, incluso de mejoras en la distribuci\u00f3n.<\/p>\n<\/td>\n<\/tr>\n<\/tbody>\n<\/table>\n<p>[\/vc_column_text][vc_column_text]<span style=\"color: #0000ff;\"><a style=\"color: #0000ff;\" href=\"https:\/\/repositorio.cepal.org\/bitstream\/handle\/11362\/1896\/S37098E24_es.pdf\">https:\/\/repositorio.cepal.org\/bitstream\/handle\/11362\/1896\/S37098E24_es.pdf<\/a><\/span>[\/vc_column_text][\/vc_column_inner][\/vc_row_inner][vc_separator][vc_row_inner][vc_column_inner width=\u00bb2\/3&#8243;][vc_column_text]<\/p>\n<p class=\"Estilo3\" align=\"left\"><strong>LA ECONOM\u00cdA DE LA POLARIZACI\u00d3N\u00a0<\/strong><\/p>\n<p class=\"Estilo4\" align=\"left\">por Enrique Dussel Peters<\/p>\n<p align=\"justify\">\u00bfQu\u00e9 se ha aprendido de la crisis econ\u00f3mica mexicana de diciembre de 1994? \u00bfCu\u00e1les son las nuevas directrices de pol\u00edtica econ\u00f3mica para que no vuelvan a ocurrir acontecimientos tan costosos en t\u00e9rminos sociales, pol\u00edticos y econ\u00f3micos?\u00bfCu\u00e1les son las principales estrategias de desarrollo que se discuten tanto en M\u00e9xico como en otros pa\u00edses? \u00bfExisten alternativas?<\/p>\n<p align=\"justify\">Enrique Dussel Peters se\u00f1ala que la estrategia de la liberalizaci\u00f3n, iniciada desde 1988, ha resultado una estructura productiva que ha agudizado la ya existente polarizaci\u00f3n a nivel de empresas, ramas, regiones, actividades productivas, as\u00ed como la de la distribuci\u00f3n de ingreso y de la generaci\u00f3n de empleo<\/p>\n<p>[\/vc_column_text][\/vc_column_inner][vc_column_inner width=\u00bb1\/3&#8243;][vc_single_image image=\u00bb3122&#8243; img_size=\u00bbfull\u00bb onclick=\u00bbcustom_link\u00bb link=\u00bbhttps:\/\/dusselpeters.com\/81.pdf\u00bb][\/vc_column_inner][\/vc_row_inner][vc_column_text]El autor presenta una serie de planteamientos te\u00f3ricos y alternativos a la estrategia de la liberaci\u00f3n iniciada en M\u00e9xico. As\u00ed mismo, se examinan a detalle las caracter\u00edsticas del sector manufacturero en la actualidad, debido a que \u00e9ste se encuentra en el centro de la crisis de la econom\u00eda mexicana, hecho poco reconocido por otros autores y el propio gobierno. De lo contrario, imagin\u00e9monos un M\u00e9xico en donde el PIB y las exportaciones del total de la econom\u00eda, en el mejor de los casos, crecen, se controlan la inflaci\u00f3n y el d\u00e9ficit fiscal y contin\u00faan fluyendo masivamente inversiones extranjeras, pero con un m\u00ednimo impacto en la gran mayor\u00eda de las empresas y regiones y con tendencias a la baja en los salarios y el empleo, y, en general, en el bienestar de las familias mexicanas.[\/vc_column_text][vc_separator][vc_row_inner][vc_column_inner width=\u00bb1\/4&#8243;][vc_single_image image=\u00bb3124&#8243; img_size=\u00bbfull\u00bb][\/vc_column_inner][vc_column_inner width=\u00bb3\/4&#8243;][vc_column_text]<\/p>\n<p class=\"Estilo3\" align=\"left\"><strong>TEOR\u00cdAS ECON\u00d3MICAS DE LA TECNOLOG\u00cdA<\/strong><\/p>\n<p class=\"Estilo4\" align=\"left\">por Leonel Corona<\/p>\n<p align=\"justify\">\u00bfCu\u00e1l es la relaci\u00f3n entre doctrina y tecnolog\u00eda? \u00bfQu\u00e9 tienen que decir las diversas teor\u00edas econ\u00f3micas sobre tecnolog\u00eda y ciencia?<\/p>\n<p align=\"justify\">Leonel Corona y los autores de este li bro responden a estas y otras interrogantes desde la panor\u00e1mica de diferentes escuelas econ\u00f3micas: marxista, neocl\u00e1sica, latinoamericana y evolucionistas; de manera tal que nos sit\u00faan en el meollo del problema a fin de que, y a partir del conocimiento de estos enfoques y sus onsuficiencias te\u00f3ricas, podamos mejorar los planteamientos econ\u00f3micos.<\/p>\n<p>[\/vc_column_text][\/vc_column_inner][\/vc_row_inner][vc_separator][vc_row_inner][vc_column_inner width=\u00bb2\/3&#8243;][vc_column_text]<\/p>\n<p class=\"Estilo3\" align=\"left\"><strong>HACIA UNA ECONOM\u00cdA PARA TODOS<\/strong><\/p>\n<p class=\"Estilo4\" align=\"left\">por Pedro Gonz\u00e1lez Navarro<\/p>\n<p align=\"justify\">Hoy m\u00e1s que nunca se requieren foros para analizar y discutir los diversos aspectos de la estrategia econ\u00f3mica. La coyuntura en la que nos encontramos exige definir las l\u00edneas b\u00e1sicas de nuestra acci\u00f3n. Es necesario juzgar los paradigmas con base en criterios que demuestren su pertinencia para encontrar los desaf\u00edos de M\u00e9xico. Para ello debemos evaluar el modelo que hemos seguido recientemente, frente a otros, a la luz de la eficiencia, la equidad, los grandes retos tales como la pobreza, la seguridad social, la distribuci\u00f3n del ingreso, el papel del sistema financiero, la visi\u00f3n de la empresa, los desequilibrios regionales y sectoriales, la tecnolog\u00eda, la lucha contra la corrupci\u00f3n, educaci\u00f3n y formaci\u00f3n.<\/p>\n<p align=\"justify\">Editorial Jus desea hacer esta aportaci\u00f3n \u2013in-dispensable hoy\u2013 al debate nacional.<\/p>\n<p>[\/vc_column_text][\/vc_column_inner][vc_column_inner width=\u00bb1\/3&#8243;][vc_single_image image=\u00bb3120&#8243; img_size=\u00bbfull\u00bb][\/vc_column_inner][\/vc_row_inner][vc_separator][vc_row_inner][vc_column_inner width=\u00bb1\/4&#8243;][vc_single_image image=\u00bb3720&#8243; img_size=\u00bbfull\u00bb][\/vc_column_inner][vc_column_inner width=\u00bb3\/4&#8243;][vc_column_text]Se presentan las autobiograf\u00edas de economistas distinguidos, pues nos permiten conocer las motivaciones, las dificultades, las aportaciones que han realizado a la humanidad.<\/p>\n<p><a href=\"http:\/\/centrolindavista.org.mx\/wp-content\/uploads\/2022\/08\/Irma-Adelman-CONFESIONES-DE-UNA-INCURABLE-ROMANTICA.pdf\">Irma Adelman<\/a>, \u00a0<a href=\"http:\/\/centrolindavista.org.mx\/wp-content\/uploads\/2022\/08\/Kenneth-E.-Boulding-.pdf\">Kenneth Boulding,<\/a> \u00a0<a href=\"http:\/\/centrolindavista.org.mx\/wp-content\/uploads\/2022\/08\/Nicolas-Kaldor-PEREGRINACIONES-DE-UN-ECONOMISTA.pdf\">Nicolas Kaldor<\/a>, \u00a0<a href=\"http:\/\/centrolindavista.org.mx\/wp-content\/uploads\/2022\/08\/PaulStreetenRaices-Aereas.pdf\">Paul Streeten<\/a>, \u00a0<a href=\"http:\/\/centrolindavista.org.mx\/wp-content\/uploads\/2022\/08\/1JanTinbergenRECUERDOS-DE-EXPERIENCIAS-PROFESIONALES1.pdf\">Jan Tinbergen,<\/a> \u00a0<a href=\"http:\/\/centrolindavista.org.mx\/wp-content\/uploads\/2022\/08\/Shigeto-Tsuru-del-antimperialismo-a-un-nuevo-humanismo.pdf\">Shigeto Tsuru<\/a>[\/vc_column_text][\/vc_column_inner][\/vc_row_inner][vc_separator][vc_row_inner][vc_column_inner width=\u00bb2\/3&#8243;][vc_column_text]<\/p>\n<p class=\"Estilo3 \" align=\"left\"><strong>PENSAR GLOBALMENTE Y ACTUAR REGIONALMENTE<\/strong><\/p>\n<p class=\"Estilo4 \" align=\"left\">por Dussel, Piore y Ruiz Duran<\/p>\n<p align=\"justify\">Los an\u00e1lisis sobre la evoluci\u00f3n reciente de la estructura manufacturera de M\u00e9xico parecen debatirse entre dos interpretaciones extremas. La primera, que podr\u00eda llamarse la interpretaci\u00f3n neoliberal, atribuye los actuales desequilibrios sectoriales de las manufacturas a las imperfecciones del mercado, as\u00ed como a su deficiente regulaci\u00f3n. La segunda, de corte m\u00e1s estatista, asume, en cambio, que el fracaso de las pol\u00edticas macroecon\u00f3micas apoyadas exclusivamente en el mercado ha exacerbado las fallas del modelo de sustituci\u00f3n de importaciones.<\/p>\n<p align=\"justify\">El libro de Dussel, Piore y Dur\u00e1n pone en duda esa dicotom\u00eda al sostener que hoy en d\u00eda es poco \u00fatil discutir la preeminencia del mercado sobre el Estado, o viceversa, en la regulaci\u00f3n de la econom\u00eda.<\/p>\n<p>[\/vc_column_text][\/vc_column_inner][vc_column_inner width=\u00bb1\/3&#8243;][vc_single_image image=\u00bb3123&#8243; img_size=\u00bbfull\u00bb onclick=\u00bbcustom_link\u00bb link=\u00bbhttps:\/\/dusselpeters.com\/219.pdf\u00bb][\/vc_column_inner][\/vc_row_inner][vc_column_text]Y es que M\u00e9xico se ha expuesto de tal suerte al entorno internacional que es ingenuo pensar en un regreso a las anteriores formas de intervenci\u00f3n del Estado o, en su defecto, a la econom\u00eda de mercado sin controles. Lo m\u00e1s pertinente, y esa es la declaraci\u00f3n de principios de los autores, es reconocer \u201clos l\u00edmites de los patrones de desarrollo econ\u00f3mico existentes y el potencial para acompa\u00f1ar y complementar dichos patrones a trav\u00e9s de nuevas pol\u00edticas\u201d (p. 12).<\/p>\n<p>El problema que enfrenta el libro es determinar los criterios que est\u00e1n detr\u00e1s de esas nuevas pol\u00edticas industriales. La respuesta es ofrecida, con diferente orden de gradaci\u00f3n, en una introducci\u00f3n y once cap\u00edtulos, divididos en tres apartados: Proceso de ajuste, Reordenamiento de las relaciones interempresariales y El reto de lo territorial.<\/p>\n<p align=\"left\">Jos\u00e9 Carlos Ram\u00edrez<\/p>\n<p>[\/vc_column_text][vc_separator][vc_row_inner][vc_column_inner width=\u00bb1\/4&#8243;][vc_single_image image=\u00bb3118&#8243; img_size=\u00bbfull\u00bb][\/vc_column_inner][vc_column_inner width=\u00bb3\/4&#8243;][vc_column_text]<\/p>\n<p class=\"Estilo3\" align=\"left\"><strong>ASPECTOS SOCIALES Y \u00c9TICOS DE LA ECONOM\u00cdA<\/strong><\/p>\n<p class=\"Estilo4\" align=\"justify\">Arrow &#8211;<span style=\"color: #0000ff;\"><a style=\"color: #0000ff;\" href=\"http:\/\/centrolindavista.org.mx\/wp-content\/uploads\/2022\/08\/atkinsontransformacioneconomicayjusticiaeconomicaf.pdf\"> Atkinson<\/a><\/span> &#8211; Dasgupta &#8211; <span style=\"color: #0000ff;\"><a style=\"color: #0000ff;\" href=\"http:\/\/centrolindavista.org.mx\/wp-content\/uploads\/2022\/08\/drezeeticaeficienciayladoctrinasocialdelaiglesiaf.pdf\">Dreze<\/a><\/span> &#8211; Hammnond &#8211; Jouthakker &#8211; Lucas &#8211; Malinvaud &#8211; Sachs &#8211; Sen &#8211; Siebert &#8211; Trzeciakowski &#8211; Uzawa- <span style=\"color: #0000ff;\"><a style=\"color: #0000ff;\" href=\"http:\/\/centrolindavista.org.mx\/wp-content\/uploads\/2022\/08\/musuzamagniintroduccionf.pdf\">Muzu Zamagni<\/a><\/span><\/p>\n<p align=\"justify\">Algunos consideran que el capitalismo es moralmente superior. Otros sostienen que el capitalismo socava los fundamentos de la imaginaci\u00f3n moral. \u00bfQui\u00e9nes tienen la raz\u00f3n?\u00bfAcaso es posible separar los procesos de producci\u00f3n de la riqueza, de las formas de distribuci\u00f3n?\u00bfPodemos aceptar los resultados de una producci\u00f3n eficiente aunque las formas para lograrla, -reglas laborales, fiscales, financieras, conductas personales, etc.\u2013 sean in equitativas?<\/p>\n<p align=\"justify\">Estas otras preguntas reuniones a algunos de los m\u00e1s destacados economistas de nuestros tiempos. Desde Kenneth Arroz, Partha Desgupta y Hendrik Houthakker, hasta Martya Sen, Hirofumi Uzawa y Jeffrey Sanchs\u2026<\/p>\n<p>[\/vc_column_text][\/vc_column_inner][\/vc_row_inner][vc_column_text]Este es un libro que nos ayuda a formar juicios sobre cuestiones candentes en la sociedad mexicana de hoy con base en criterios \u00e9ticos y sustentados en una seria y clara preparaci\u00f3n t\u00e9cnica. Al participar en esta conversaci\u00f3n a trav\u00e9s de la lectura de esta obra, el economista reconocer\u00e1 a su disciplina cono mucho m\u00e1s que una t\u00e9cnica; y el ciudadano interesado ver\u00e1 la relaci\u00f3n entre econom\u00eda y leyes, ciudadan\u00eda, justicia, bienestar, ecolog\u00eda e instituciones[\/vc_column_text][vc_separator][vc_row_inner][vc_column_inner width=\u00bb2\/3&#8243;][vc_column_text]<\/p>\n<p class=\"Estilo3\" align=\"left\"><strong>UN MUNDO DE CALZADO. IDEAS Y EXPERIENCIAS DE \u00c9XITO<\/strong><\/p>\n<p class=\"Estilo4\" align=\"left\">por Giuliano Mosconi<\/p>\n<p align=\"justify\">Utilizado como ejemplo a la industria italiana del calzado, Giuliano Mosconi y su grupo de Especialistas nos presentan metodolog\u00edas, instrumentos e ideas para la competitividad, el dise\u00f1o y las estrategias de producci\u00f3n y ventas.<\/p>\n<p align=\"justify\">frente a las fallas de las estrategias, causadas por una planificaci\u00f3n inadecuada, Mosconi se\u00f1ala c\u00f3mo utiliazar los instrumentos contables y administrativos para un desarrollo \u00f3ptimo. El lector podr\u00e1 adentrarse en el an\u00e1lisis de los exitosos sistemas de la oferta, la demanda y la distribuci\u00f3n del sector.<\/p>\n<p align=\"justify\">Este libro presenta a los empresarios, administradores, profesionistas y estudiantes mexicanos, una visi\u00f3n integral de interconectada, que va desde c\u00f3mo analizar y aprovechar la globalizaci\u00f3n hasta el uso estrat\u00e9gico del balance.<\/p>\n<p>[\/vc_column_text][\/vc_column_inner][vc_column_inner width=\u00bb1\/3&#8243;][vc_single_image image=\u00bb3133&#8243; img_size=\u00bbfull\u00bb][\/vc_column_inner][\/vc_row_inner][\/vc_column][\/vc_row]<\/p>\n","protected":false},"excerpt":{"rendered":"[vc_row][vc_column width=\u00bb1\/4&#8243;][vc_wp_custommenu nav_menu=\u00bb41&#8243;][\/vc_column][vc_column width=\u00bb3\/4&#8243;][vc_separator][vc_row_inner][vc_column_inner width=\u00bb1\/4&#8243;][vc_single_image image=\u00bb3025&#8243; img_size=\u00bbfull\u00bb][\/vc_column_inner][vc_column_inner width=\u00bb3\/4&#8243;][vc_column_text] LA MODERNIDAD PROBLEM\u00c1TICA por Ernesto Ottone Los cambios de par\u00e1metros pol\u00edticos, que cristalizaron en la ca\u00edda del muro de Berl\u00edn, permitieron un redise\u00f1o global de la arquitectura pol\u00edtica del planeta as\u00ed como la consolidaci\u00f3n de un nuevo m\u00e9todo productivo con base en las comunicaciones, el avance tecnol\u00f3gico, &#8230;","protected":false},"author":1,"featured_media":0,"parent":0,"menu_order":0,"comment_status":"closed","ping_status":"closed","template":"","meta":{"footnotes":""},"class_list":["post-3022","page","type-page","status-publish","hentry"],"_links":{"self":[{"href":"http:\/\/centrolindavista.org.mx\/index.php?rest_route=\/wp\/v2\/pages\/3022","targetHints":{"allow":["GET"]}}],"collection":[{"href":"http:\/\/centrolindavista.org.mx\/index.php?rest_route=\/wp\/v2\/pages"}],"about":[{"href":"http:\/\/centrolindavista.org.mx\/index.php?rest_route=\/wp\/v2\/types\/page"}],"author":[{"embeddable":true,"href":"http:\/\/centrolindavista.org.mx\/index.php?rest_route=\/wp\/v2\/users\/1"}],"replies":[{"embeddable":true,"href":"http:\/\/centrolindavista.org.mx\/index.php?rest_route=%2Fwp%2Fv2%2Fcomments&post=3022"}],"version-history":[{"count":26,"href":"http:\/\/centrolindavista.org.mx\/index.php?rest_route=\/wp\/v2\/pages\/3022\/revisions"}],"predecessor-version":[{"id":3777,"href":"http:\/\/centrolindavista.org.mx\/index.php?rest_route=\/wp\/v2\/pages\/3022\/revisions\/3777"}],"wp:attachment":[{"href":"http:\/\/centrolindavista.org.mx\/index.php?rest_route=%2Fwp%2Fv2%2Fmedia&parent=3022"}],"curies":[{"name":"wp","href":"https:\/\/api.w.org\/{rel}","templated":true}]}}