{"id":3005,"date":"2022-01-27T18:19:47","date_gmt":"2022-01-27T18:19:47","guid":{"rendered":"http:\/\/centrolindavista.org.mx\/?page_id=3005"},"modified":"2022-02-03T21:17:46","modified_gmt":"2022-02-03T21:17:46","slug":"iniciativas-de-desarrollo","status":"publish","type":"page","link":"http:\/\/centrolindavista.org.mx\/?page_id=3005","title":{"rendered":"Iniciativas de desarrollo"},"content":{"rendered":"<p>[vc_row][vc_column width=\u00bb1\/4&#8243;][vc_wp_custommenu nav_menu=\u00bb36&#8243;][\/vc_column][vc_column width=\u00bb3\/4&#8243;]<div class=\"grop-section_text   grop-heading-69d30c72dbbd0   vc_custom_1643307733463 text-left\"><div class=\"text-uppercase grop-sctn_title_fntSz-30   grop-heading-69d30c72dbbd0  text-left\">Apoyo a procesos de desarrollo econ\u00f3mico en la Regi\u00f3n Centro Occidente<\/div><\/div>[vc_column_text]El Centro Lindavista ha colaborado en la facilitaci\u00f3n, concertaci\u00f3n y dise\u00f1o de proyectos comunes del Consejo de Desarrollo Econ\u00f3mico, GERCO; del Centro Occidente, tanto a nivel de Secretarios, como de representantes a operativo.<\/p>\n<p>Entre las actividades realizadas se encuentran:<\/p>\n<ul>\n<li>Participaci\u00f3n en m\u00e1s de 80 reuniones.<\/li>\n<li>Programa regional de Centro Occidente.<\/li>\n<li>Dise\u00f1o, gesti\u00f3n ante Secretar\u00eda de Econom\u00eda de proyectos, y concertaci\u00f3n interestatal y logro de recursos para: Sistema Automotriz, Sistema Agroindustrial, cadenas y competitividad regional, miner\u00eda, artesan\u00edas, etc.<\/li>\n<li>Vinculaci\u00f3n del GERCO con grupos regionales de desarrollo social, urbano, ambiental, etc.<\/li>\n<li>Elaboraci\u00f3n de documentos sobre la regi\u00f3n, difusi\u00f3n a actores extra regionales (regiones del extranjero, actores federales, actores regionales).<\/li>\n<li>Organizando y participando en reuniones, talleres y an\u00e1lisis sobre el desarrollo regional.<\/li>\n<\/ul>\n<p><strong>Investigaci\u00f3n sobre\u00a0 pol\u00edticas de desarrollo social en el sur-sureste y otras regiones<\/strong><\/p>\n<ol>\n<li>Investigaci\u00f3n y concertaci\u00f3n de nuevas pol\u00edticas sociales territoriales.<\/li>\n<li>Bases para el impulso a distritos o clusters culturales-productivos.<\/li>\n<li>Dise\u00f1o de proyectos integrales territoriales.<\/li>\n<li>Desarrollo de Capacidades Locales para el Desarrollo Regional Sustentable.<\/li>\n<li>Sistema de Informaci\u00f3n Regional.<\/li>\n<li>Red de Centros de Vinculaci\u00f3n Educativa.<\/li>\n<\/ol>\n<p><strong>Talleres y An\u00e1lisis sobre Desarrollo Regional<\/strong><\/p>\n<p>Para un desarrollo regional integral que sea dise\u00f1ado y realizado de manera participativa, con visi\u00f3n y direcci\u00f3n de largo plazo y efectividad inmediata, es necesario un servicio de articulaci\u00f3n que:<\/p>\n<ul>\n<li>Suscite la participaci\u00f3n de los actores regionales de acuerdo a sus capacidades.<\/li>\n<li>Busque aportar los soportes t\u00e9cnicos necesarios.<\/li>\n<li>Facilite la vinculaci\u00f3n con los actores externos.<\/li>\n<li>Facilite el di\u00e1logo personal e interinstitucional.<\/li>\n<li>Plasme las aportaciones y las organice de manera que contribuyan a una estrategia adecuada.<\/li>\n<\/ul>\n<p>Promueva el compromiso institucional permanente.[\/vc_column_text][\/vc_column][\/vc_row]<\/p>\n","protected":false},"excerpt":{"rendered":"[vc_row][vc_column width=\u00bb1\/4&#8243;][vc_wp_custommenu nav_menu=\u00bb36&#8243;][\/vc_column][vc_column width=\u00bb3\/4&#8243;][vc_column_text]El Centro Lindavista ha colaborado en la facilitaci\u00f3n, concertaci\u00f3n y dise\u00f1o de proyectos comunes del Consejo de Desarrollo Econ\u00f3mico, GERCO; del Centro Occidente, tanto a nivel de Secretarios, como de representantes a operativo. Entre las actividades realizadas se encuentran: Participaci\u00f3n en m\u00e1s de 80 reuniones. Programa regional de Centro Occidente. Dise\u00f1o, gesti\u00f3n &#8230;","protected":false},"author":1,"featured_media":0,"parent":0,"menu_order":0,"comment_status":"closed","ping_status":"closed","template":"","meta":{"footnotes":""},"class_list":["post-3005","page","type-page","status-publish","hentry"],"_links":{"self":[{"href":"http:\/\/centrolindavista.org.mx\/index.php?rest_route=\/wp\/v2\/pages\/3005","targetHints":{"allow":["GET"]}}],"collection":[{"href":"http:\/\/centrolindavista.org.mx\/index.php?rest_route=\/wp\/v2\/pages"}],"about":[{"href":"http:\/\/centrolindavista.org.mx\/index.php?rest_route=\/wp\/v2\/types\/page"}],"author":[{"embeddable":true,"href":"http:\/\/centrolindavista.org.mx\/index.php?rest_route=\/wp\/v2\/users\/1"}],"replies":[{"embeddable":true,"href":"http:\/\/centrolindavista.org.mx\/index.php?rest_route=%2Fwp%2Fv2%2Fcomments&post=3005"}],"version-history":[{"count":7,"href":"http:\/\/centrolindavista.org.mx\/index.php?rest_route=\/wp\/v2\/pages\/3005\/revisions"}],"predecessor-version":[{"id":3112,"href":"http:\/\/centrolindavista.org.mx\/index.php?rest_route=\/wp\/v2\/pages\/3005\/revisions\/3112"}],"wp:attachment":[{"href":"http:\/\/centrolindavista.org.mx\/index.php?rest_route=%2Fwp%2Fv2%2Fmedia&parent=3005"}],"curies":[{"name":"wp","href":"https:\/\/api.w.org\/{rel}","templated":true}]}}