{"id":2925,"date":"2022-01-25T23:44:38","date_gmt":"2022-01-25T23:44:38","guid":{"rendered":"http:\/\/centrolindavista.org.mx\/?page_id=2925"},"modified":"2022-09-08T17:00:58","modified_gmt":"2022-09-08T23:00:58","slug":"etica-y-politica","status":"publish","type":"page","link":"http:\/\/centrolindavista.org.mx\/?page_id=2925","title":{"rendered":"\u00c9tica y Pol\u00edtica"},"content":{"rendered":"<p>[vc_row][vc_column width=\u00bb1\/4&#8243;][vc_wp_custommenu nav_menu=\u00bb39&#8243;][\/vc_column][vc_column width=\u00bb3\/4&#8243;]<div class=\"grop-section_text   grop-heading-69ddfba173e36   vc_custom_1643154170996 text-left\"><div class=\"text-uppercase grop-sctn_title_fntSz-30   grop-heading-69ddfba173e36  text-left\">Necesidad de que se presenten planteamientos \u00e9ticos a la sociedad sobre los procesos electorales<\/div><\/div>[vc_column_text]<\/p>\n<p align=\"justify\">En el Centro Lindavista hemos visto la necesidad de que ante los acontecimientos p\u00fablicos y sociales ligados a los procesos electorales es indispensable que se planteen a la sociedad consideraciones desde la \u00e9tica civil. Proponemos a los quienes estudian y construyen filosof\u00eda y promueven y dise\u00f1an ideas para el comportamiento \u00e9tico compartan con la sociedad sus reflexiones sobre nuestra coyuntura nacional.<\/p>\n<p align=\"justify\">El \u00c1rea de \u00c9tica y Pol\u00edtica del Centro Lindavista tiene como objetivo\u00a0 fomentar un servicio p\u00fablico (tanto de gobiernos como de organizaciones no gubernamentales) que crecientemente reconozca y se rija por criterios de \u00e9tica civil, esto requiere medidas personales, institucionales y sist\u00e9micas. As\u00ed como\u00a0 concientizar a los servidores p\u00fablicos a la colaboraci\u00f3n \u00ednter partidista.<\/p>\n<p align=\"justify\">A partir de los retos que la nueva realidad nacional nos presenta, el Centro Lindavista ha promovido un di\u00e1logo cuyos objetivos son:<\/p>\n<div align=\"justify\">\n<ul>\n<li>Promover la \u00c9tica Civil y el Buen Gobierno en M\u00e9xico.<\/li>\n<li>Unir esfuerzos y acompa\u00f1ar a las y los pol\u00edticos en su vida, trabajo y formaci\u00f3n.<\/li>\n<li>Difundir la reflexi\u00f3n \u00e9tica entre las personas interesadas en la vida p\u00fablica.<\/li>\n<\/ul>\n<\/div>\n<p>[\/vc_column_text]<div class=\"grop-section_text   grop-heading-69ddfba173e6e   vc_custom_1643154258176 text-left\"><div class=\"text-uppercase grop-sctn_title_fntSz-30   grop-heading-69ddfba173e6e  text-left\">Desaf\u00edos integrados<\/div><\/div>[vc_column_text]<\/p>\n<p class=\"Estilo2\" align=\"justify\">Los hombres y mujeres de Estado en M\u00e9xico tienen como primera obligaci\u00f3n el servir al bien com\u00fan y al desarrollo integral de todas y todos los habitantes de este pa\u00eds.<\/p>\n<p align=\"justify\">En un cambio de \u00e9poca en M\u00e9xico, es una responsabilidad hist\u00f3rica que este cambio lleve a una sociedad realmente democr\u00e1tica, solidaria y justa. Tratamos de contribuir en la construcci\u00f3n de una \u00e9tica civil, que es el consenso m\u00ednimo en una sociedad democr\u00e1tica y pluralista.<\/p>\n<p align=\"justify\">El servicio a la sociedad requiere de definiciones de:<\/p>\n<div align=\"justify\">\n<ul type=\"disc\">\n<li>\u00c9tica personal.<\/li>\n<li>Criterios de qu\u00e9 es el bien para nuestra sociedad.<\/li>\n<li>Di\u00e1logo y aprendizaje de la realidad del pa\u00eds.<\/li>\n<li>Di\u00e1logo y aprendizaje de los instrumentos a disposici\u00f3n de la sociedad y del gobierno para resolver los problemas a los que nos enfrentamos.<\/li>\n<\/ul>\n<p><strong><a href=\"http:\/\/centrolindavista.org.mx\/?page_id=3203\">Obras de \u00e9tica.<\/a><\/strong><\/p>\n<p><strong><a href=\"http:\/\/centrolindavista.org.mx\/?page_id=3270\">Obras de solidaridad y democracia.<\/a><\/strong><\/p>\n<\/div>\n<p>[\/vc_column_text][\/vc_column][\/vc_row]<\/p>\n","protected":false},"excerpt":{"rendered":"[vc_row][vc_column width=\u00bb1\/4&#8243;][vc_wp_custommenu nav_menu=\u00bb39&#8243;][\/vc_column][vc_column width=\u00bb3\/4&#8243;][vc_column_text] En el Centro Lindavista hemos visto la necesidad de que ante los acontecimientos p\u00fablicos y sociales ligados a los procesos electorales es indispensable que se planteen a la sociedad consideraciones desde la \u00e9tica civil. Proponemos a los quienes estudian y construyen filosof\u00eda y promueven y dise\u00f1an ideas para el comportamiento \u00e9tico &#8230;","protected":false},"author":1,"featured_media":0,"parent":0,"menu_order":0,"comment_status":"closed","ping_status":"closed","template":"","meta":{"footnotes":""},"class_list":["post-2925","page","type-page","status-publish","hentry"],"_links":{"self":[{"href":"http:\/\/centrolindavista.org.mx\/index.php?rest_route=\/wp\/v2\/pages\/2925","targetHints":{"allow":["GET"]}}],"collection":[{"href":"http:\/\/centrolindavista.org.mx\/index.php?rest_route=\/wp\/v2\/pages"}],"about":[{"href":"http:\/\/centrolindavista.org.mx\/index.php?rest_route=\/wp\/v2\/types\/page"}],"author":[{"embeddable":true,"href":"http:\/\/centrolindavista.org.mx\/index.php?rest_route=\/wp\/v2\/users\/1"}],"replies":[{"embeddable":true,"href":"http:\/\/centrolindavista.org.mx\/index.php?rest_route=%2Fwp%2Fv2%2Fcomments&post=2925"}],"version-history":[{"count":10,"href":"http:\/\/centrolindavista.org.mx\/index.php?rest_route=\/wp\/v2\/pages\/2925\/revisions"}],"predecessor-version":[{"id":3800,"href":"http:\/\/centrolindavista.org.mx\/index.php?rest_route=\/wp\/v2\/pages\/2925\/revisions\/3800"}],"wp:attachment":[{"href":"http:\/\/centrolindavista.org.mx\/index.php?rest_route=%2Fwp%2Fv2%2Fmedia&parent=2925"}],"curies":[{"name":"wp","href":"https:\/\/api.w.org\/{rel}","templated":true}]}}