{"id":2894,"date":"2022-01-25T18:28:43","date_gmt":"2022-01-25T18:28:43","guid":{"rendered":"http:\/\/centrolindavista.org.mx\/?page_id=2894"},"modified":"2022-01-25T18:33:22","modified_gmt":"2022-01-25T18:33:22","slug":"dialogo-social","status":"publish","type":"page","link":"http:\/\/centrolindavista.org.mx\/?page_id=2894","title":{"rendered":"Di\u00e1logo Social"},"content":{"rendered":"<p>[vc_row][vc_column width=\u00bb1\/4&#8243;][vc_wp_custommenu nav_menu=\u00bb38&#8243;][\/vc_column][vc_column width=\u00bb3\/4&#8243;]<div class=\"grop-section_text   grop-heading-69f4964a71d93   vc_custom_1643135299118 text-left\"><div class=\"text-uppercase grop-sctn_title_fntSz-30   grop-heading-69f4964a71d93  text-left\">\u00bfQu\u00e9 es el Di\u00e1logo?<\/div><\/div>[vc_column_text]<\/p>\n<p align=\"justify\">La <strong>pol\u00edtica exterior <\/strong>es una herramienta b\u00e1sica para la consecuci\u00f3n de los objetivos de una naci\u00f3n, y debe estar fundamentada en un proyecto espec\u00edfico y democr\u00e1tico. Aunque es el gobierno el encargado de ejecutarla, se deben considerar las propuestas de la sociedad civil.<\/p>\n<p align=\"justify\">El proyecto <strong>\u201cDi\u00e1logo social para una pol\u00edtica exterior de largo plazo\u201d<\/strong> surge como respuesta a la necesidad de participaci\u00f3n en la discusi\u00f3n y definici\u00f3n de las pol\u00edticas p\u00fablicas. El proceso fue iniciado en 2005 por organizaciones civiles y acad\u00e9micas, en colaboraci\u00f3n con la Secretar\u00eda de Relaciones Exteriores. La parte central consisti\u00f3 en realizar reuniones con grupos de ciudadan@s y actores sociales sobre algunos temas que se consideraron trascendentes en esta materia.<\/p>\n<p align=\"justify\">El resultado\u00a0de esta 1a. etapa (2005-2006) fue la elaboraci\u00f3n de un <a href=\"http:\/\/www.centrolindavista.org.mx\/archivos_index\/ProcesoDelDialogo.html\">documento<\/a> donde se incorporan los planteamientos de la academia, organizaciones sociales, empresas, sindicatos e instituciones religiosas y constituye una aportaci\u00f3n de la sociedad\u00a0 civil a la toma de conciencia y posicionamiento sobre el tema, as\u00ed como una contribuci\u00f3n a las autoridades elegidas en 2006. Esto significa el paso inicial de un proceso que brinda a las organizaciones la posibilidad real de participar en el dise\u00f1o de pol\u00edticas.<\/p>\n<p align=\"justify\">El proceso del Di\u00e1logo Social para una Pol\u00edtica Exterior de Largo Plazo (DSPE) parte de la iniciativa de organizaciones sociales -en colaboraci\u00f3n con la Secretar\u00eda de Relaciones Exteriores- y se caracteriza por la apertura de espacios plurales e incluyentes donde se discuten temas que por factores estrat\u00e9gicos y\/o coyunturales, son de vital importancia para el presente y futuro de la sociedad mexicana.<\/p>\n<p align=\"justify\">El d\u00eda 10 de junio de 2008 se firm\u00f3 el memor\u00e1ndum de Entendimiento que permite iniciar esta nueva etapa 2008-2009 del Di\u00e1logo Social para una Pol\u00edtica Exterior de Largo Plazo.<\/p>\n<p class=\"Estilo8\" align=\"justify\"><em><strong>OBJETIVO<\/strong><\/em><\/p>\n<p align=\"justify\">Promover el di\u00e1logo entre la sociedad civil y los responsables de la pol\u00edtica exterior de M\u00e9xico, impulsando la participaci\u00f3n de diversos sectores en la discusi\u00f3n y elaboraci\u00f3n de propuestas sobre temas que afectan la vida internacional y local de nuestro pa\u00eds.<\/p>\n<p class=\"Estilo8\" align=\"justify\"><em><strong>METAS<\/strong><\/em><\/p>\n<ul>\n<li>\n<p align=\"justify\"><strong>Promover<\/strong> la participaci\u00f3n plural y constante de la sociedad civil y de la S. R. E. en el proceso de di\u00e1logo, y la construcci\u00f3n de alianzas y redes<\/p>\n<\/li>\n<li>\n<p align=\"justify\"><strong>Fomentar<\/strong> el di\u00e1logo para y entre la sociedad civil mexicana sobre temas globales.<\/p>\n<\/li>\n<li>\n<p align=\"justify\"><strong>Dar continuidad<\/strong> a los logros anteriores impulsando un di\u00e1logo entre sociedad civil mexicana y funcionarios(as) de la canciller\u00eda de manera informada y propositiva.<\/p>\n<\/li>\n<\/ul>\n<ul>\n<li><strong>Definir<\/strong> en conjunto el papel que desempe\u00f1a la sociedad civil en el proceso democr\u00e1tico de las relaciones internacionales de M\u00e9xico.<\/li>\n<\/ul>\n<ul>\n<li><strong>Vincular<\/strong> distintos sectores de la sociedad civil alrededor de varios temas de \u00edndole global con el prop\u00f3sito de contar con una visi\u00f3n informada y multidisciplinaria.<\/li>\n<\/ul>\n<ul>\n<li><strong>Desarrollar<\/strong> una mayor conciencia de la importancia de los temas de pol\u00edtica exterior m\u00e1s all\u00e1 de los relativos a la cooperaci\u00f3n t\u00e9cnica en la sociedad civil mexicana.<\/li>\n<\/ul>\n<ul>\n<li><strong>Fortalecer<\/strong> la participaci\u00f3n plural de la sociedad civil mediante la incorporaci\u00f3n de organizaciones de diversas regiones del pa\u00eds.<\/li>\n<\/ul>\n<ul>\n<li><strong>Generar<\/strong> una red permanente de distribuci\u00f3n de informaci\u00f3n y consulta as\u00ed como la producci\u00f3n de materiales tem\u00e1ticos.<\/li>\n<\/ul>\n<p>[\/vc_column_text][\/vc_column][\/vc_row]<\/p>\n","protected":false},"excerpt":{"rendered":"[vc_row][vc_column width=\u00bb1\/4&#8243;][vc_wp_custommenu nav_menu=\u00bb38&#8243;][\/vc_column][vc_column width=\u00bb3\/4&#8243;][vc_column_text] La pol\u00edtica exterior es una herramienta b\u00e1sica para la consecuci\u00f3n de los objetivos de una naci\u00f3n, y debe estar fundamentada en un proyecto espec\u00edfico y democr\u00e1tico. Aunque es el gobierno el encargado de ejecutarla, se deben considerar las propuestas de la sociedad civil. El proyecto \u201cDi\u00e1logo social para una pol\u00edtica exterior &#8230;","protected":false},"author":1,"featured_media":0,"parent":0,"menu_order":0,"comment_status":"closed","ping_status":"closed","template":"","meta":{"footnotes":""},"class_list":["post-2894","page","type-page","status-publish","hentry"],"_links":{"self":[{"href":"http:\/\/centrolindavista.org.mx\/index.php?rest_route=\/wp\/v2\/pages\/2894","targetHints":{"allow":["GET"]}}],"collection":[{"href":"http:\/\/centrolindavista.org.mx\/index.php?rest_route=\/wp\/v2\/pages"}],"about":[{"href":"http:\/\/centrolindavista.org.mx\/index.php?rest_route=\/wp\/v2\/types\/page"}],"author":[{"embeddable":true,"href":"http:\/\/centrolindavista.org.mx\/index.php?rest_route=\/wp\/v2\/users\/1"}],"replies":[{"embeddable":true,"href":"http:\/\/centrolindavista.org.mx\/index.php?rest_route=%2Fwp%2Fv2%2Fcomments&post=2894"}],"version-history":[{"count":5,"href":"http:\/\/centrolindavista.org.mx\/index.php?rest_route=\/wp\/v2\/pages\/2894\/revisions"}],"predecessor-version":[{"id":2905,"href":"http:\/\/centrolindavista.org.mx\/index.php?rest_route=\/wp\/v2\/pages\/2894\/revisions\/2905"}],"wp:attachment":[{"href":"http:\/\/centrolindavista.org.mx\/index.php?rest_route=%2Fwp%2Fv2%2Fmedia&parent=2894"}],"curies":[{"name":"wp","href":"https:\/\/api.w.org\/{rel}","templated":true}]}}

Diálogo Social

<p>[vc_row][vc_column width=»1/4&#8243;][vc_wp_custommenu nav_menu=»38&#8243;][/vc_column][vc_column width=»3/4&#8243;]<div class="grop-section_text   grop-heading-69f4964a71d93   vc_custom_1643135299118 text-left"><div class="text-uppercase grop-sctn_title_fntSz-30   grop-heading-69f4964a71d93  text-left">¿Qué es el Diálogo?</div></div>[vc_column_text]</p>
<p align="justify">La <strong>política exterior </strong>es una herramienta básica para la consecución de los objetivos de una nación, y debe estar fundamentada en un proyecto específico y democrático. Aunque es el gobierno el encargado de ejecutarla, se deben considerar las propuestas de la sociedad civil.</p>
<p align="justify">El proyecto <strong>“Diálogo social para una política exterior de largo plazo”</strong> surge como respuesta a la necesidad de participación en la discusión y definición de las políticas públicas. El proceso fue iniciado en 2005 por organizaciones civiles y académicas, en colaboración con la Secretaría de Relaciones Exteriores. La parte central consistió en realizar reuniones con grupos de ciudadan@s y actores sociales sobre algunos temas que se consideraron trascendentes en esta materia.</p>
<p align="justify">El resultado de esta 1a. etapa (2005-2006) fue la elaboración de un <a href="http://www.centrolindavista.org.mx/archivos_index/ProcesoDelDialogo.html">documento</a> donde se incorporan los planteamientos de la academia, organizaciones sociales, empresas, sindicatos e instituciones religiosas y constituye una aportación de la sociedad  civil a la toma de conciencia y posicionamiento sobre el tema, así como una contribución a las autoridades elegidas en 2006. Esto significa el paso inicial de un proceso que brinda a las organizaciones la posibilidad real de participar en el diseño de políticas.</p>
<p align="justify">El proceso del Diálogo Social para una Política Exterior de Largo Plazo (DSPE) parte de la iniciativa de organizaciones sociales -en colaboración con la Secretaría de Relaciones Exteriores- y se caracteriza por la apertura de espacios plurales e incluyentes donde se discuten temas que por factores estratégicos y/o coyunturales, son de vital importancia para el presente y futuro de la sociedad mexicana.</p>
<p align="justify">El día 10 de junio de 2008 se firmó el memorándum de Entendimiento que permite iniciar esta nueva etapa 2008-2009 del Diálogo Social para una Política Exterior de Largo Plazo.</p>
<p class="Estilo8" align="justify"><em><strong>OBJETIVO</strong></em></p>
<p align="justify">Promover el diálogo entre la sociedad civil y los responsables de la política exterior de México, impulsando la participación de diversos sectores en la discusión y elaboración de propuestas sobre temas que afectan la vida internacional y local de nuestro país.</p>
<p class="Estilo8" align="justify"><em><strong>METAS</strong></em></p>
<ul>
<li>
<p align="justify"><strong>Promover</strong> la participación plural y constante de la sociedad civil y de la S. R. E. en el proceso de diálogo, y la construcción de alianzas y redes</p>
</li>
<li>
<p align="justify"><strong>Fomentar</strong> el diálogo para y entre la sociedad civil mexicana sobre temas globales.</p>
</li>
<li>
<p align="justify"><strong>Dar continuidad</strong> a los logros anteriores impulsando un diálogo entre sociedad civil mexicana y funcionarios(as) de la cancillería de manera informada y propositiva.</p>
</li>
</ul>
<ul>
<li><strong>Definir</strong> en conjunto el papel que desempeña la sociedad civil en el proceso democrático de las relaciones internacionales de México.</li>
</ul>
<ul>
<li><strong>Vincular</strong> distintos sectores de la sociedad civil alrededor de varios temas de índole global con el propósito de contar con una visión informada y multidisciplinaria.</li>
</ul>
<ul>
<li><strong>Desarrollar</strong> una mayor conciencia de la importancia de los temas de política exterior más allá de los relativos a la cooperación técnica en la sociedad civil mexicana.</li>
</ul>
<ul>
<li><strong>Fortalecer</strong> la participación plural de la sociedad civil mediante la incorporación de organizaciones de diversas regiones del país.</li>
</ul>
<ul>
<li><strong>Generar</strong> una red permanente de distribución de información y consulta así como la producción de materiales temáticos.</li>
</ul>
<p>[/vc_column_text][/vc_column][/vc_row]</p>

[vc_row][vc_column width=»1/4&#8243;][vc_wp_custommenu nav_menu=»38&#8243;][/vc_column][vc_column width=»3/4&#8243;][vc_column_text] La política exterior es una herramienta básica para la consecución de los objetivos de una nación, y debe estar fundamentada en un proyecto específico y democrático. Aunque es el gobierno el encargado de ejecutarla, se deben considerar las propuestas de la sociedad civil. El proyecto “Diálogo social para una política exterior &#8230;
