{"id":2884,"date":"2022-01-25T18:07:55","date_gmt":"2022-01-25T18:07:55","guid":{"rendered":"http:\/\/centrolindavista.org.mx\/?page_id=2884"},"modified":"2022-09-09T11:51:56","modified_gmt":"2022-09-09T17:51:56","slug":"contruccion-de-la-paz","status":"publish","type":"page","link":"http:\/\/centrolindavista.org.mx\/?page_id=2884","title":{"rendered":"Contrucci\u00f3n de la Paz"},"content":{"rendered":"<p>[vc_row][vc_column width=\u00bb1\/4&#8243;][vc_wp_custommenu nav_menu=\u00bb37&#8243;][\/vc_column][vc_column width=\u00bb3\/4&#8243;]<div class=\"grop-section_text   grop-heading-69f4dd85264f0   vc_custom_1643134073018 text-left\"><div class=\"text-uppercase grop-sctn_title_fntSz-30   grop-heading-69f4dd85264f0  text-left\">Construcci\u00f3n de la Paz y Resoluci\u00f3n de Conflictos<\/div><\/div>[vc_column_text]<\/p>\n<p align=\"justify\">El Centro Lindavista desea aportar espacios de formaci\u00f3n, de toma de conciencia, y de compromisos que constituyan una verdadera cultura de paz y de\u00a0 prevenci\u00f3n no violenta de conflictos mediante una reflexi\u00f3n compartida e incluyente entre actores diversos en situaciones de conflictividad en todos sus niveles.<\/p>\n<p align=\"justify\">La superaci\u00f3n de la situaci\u00f3n sist\u00e9mica de no di\u00e1logo en M\u00e9xico\u00a0requiere de reflexiones y acciones encaminadas a la construcci\u00f3n de la paz, y por esto es importante la interacci\u00f3n entre agentes nacionales e internacionales que buscan (o han buscado) este objetivo.<\/p>\n<div align=\"justify\">Por esta raz\u00f3n hemos difundido esfuerzos exitosos para la reconciliaci\u00f3n y construcci\u00f3n de la paz por parte de instituciones civiles, eclesi\u00e1sticas y gubernamentales; as\u00ed como por organismos internacionales de amplio reconocimiento.<\/div>\n<div align=\"justify\"><\/div>\n<p class=\"Estilo4\" align=\"justify\">Experiencias:<\/p>\n<div align=\"justify\">\n<ul>\n<li>Metodolog\u00edas de construcci\u00f3n de la Paz y Resoluci\u00f3n de Conflictos<\/li>\n<li>Promoci\u00f3n del Di\u00e1logo<\/li>\n<li>Prevenci\u00f3n de conflictos en recursos H\u00eddricos.<\/li>\n<li>Materiales sobre no violencia<\/li>\n<\/ul>\n<\/div>\n<p>[\/vc_column_text][vc_separator color=\u00bbblack\u00bb][vc_row_inner][vc_column_inner][vc_column_text]<span style=\"color: #0000ff;\"><a style=\"color: #0000ff;\" href=\"http:\/\/centrolindavista.org.mx\/wp-content\/uploads\/2022\/09\/Rosa-Ines-Floriano-Estrategias-territoriales-de-Paz-Chapultepec-Julio-2019.pdf\">\u00a0\u201cPresentaci\u00f3n de Rosa In\u00e9s Floriano sobre Estrategias Territoriales de Paz.\u201d <\/a><\/span>[\/vc_column_text][\/vc_column_inner][\/vc_row_inner][\/vc_column][\/vc_row]<\/p>\n","protected":false},"excerpt":{"rendered":"[vc_row][vc_column width=\u00bb1\/4&#8243;][vc_wp_custommenu nav_menu=\u00bb37&#8243;][\/vc_column][vc_column width=\u00bb3\/4&#8243;][vc_column_text] El Centro Lindavista desea aportar espacios de formaci\u00f3n, de toma de conciencia, y de compromisos que constituyan una verdadera cultura de paz y de\u00a0 prevenci\u00f3n no violenta de conflictos mediante una reflexi\u00f3n compartida e incluyente entre actores diversos en situaciones de conflictividad en todos sus niveles. La superaci\u00f3n de la situaci\u00f3n &#8230;","protected":false},"author":1,"featured_media":0,"parent":0,"menu_order":0,"comment_status":"closed","ping_status":"closed","template":"","meta":{"footnotes":""},"class_list":["post-2884","page","type-page","status-publish","hentry"],"_links":{"self":[{"href":"http:\/\/centrolindavista.org.mx\/index.php?rest_route=\/wp\/v2\/pages\/2884","targetHints":{"allow":["GET"]}}],"collection":[{"href":"http:\/\/centrolindavista.org.mx\/index.php?rest_route=\/wp\/v2\/pages"}],"about":[{"href":"http:\/\/centrolindavista.org.mx\/index.php?rest_route=\/wp\/v2\/types\/page"}],"author":[{"embeddable":true,"href":"http:\/\/centrolindavista.org.mx\/index.php?rest_route=\/wp\/v2\/users\/1"}],"replies":[{"embeddable":true,"href":"http:\/\/centrolindavista.org.mx\/index.php?rest_route=%2Fwp%2Fv2%2Fcomments&post=2884"}],"version-history":[{"count":8,"href":"http:\/\/centrolindavista.org.mx\/index.php?rest_route=\/wp\/v2\/pages\/2884\/revisions"}],"predecessor-version":[{"id":3814,"href":"http:\/\/centrolindavista.org.mx\/index.php?rest_route=\/wp\/v2\/pages\/2884\/revisions\/3814"}],"wp:attachment":[{"href":"http:\/\/centrolindavista.org.mx\/index.php?rest_route=%2Fwp%2Fv2%2Fmedia&parent=2884"}],"curies":[{"name":"wp","href":"https:\/\/api.w.org\/{rel}","templated":true}]}}

Contrucción de la Paz

<p>[vc_row][vc_column width=»1/4&#8243;][vc_wp_custommenu nav_menu=»37&#8243;][/vc_column][vc_column width=»3/4&#8243;]<div class="grop-section_text   grop-heading-69f4dd85264f0   vc_custom_1643134073018 text-left"><div class="text-uppercase grop-sctn_title_fntSz-30   grop-heading-69f4dd85264f0  text-left">Construcción de la Paz y Resolución de Conflictos</div></div>[vc_column_text]</p>
<p align="justify">El Centro Lindavista desea aportar espacios de formación, de toma de conciencia, y de compromisos que constituyan una verdadera cultura de paz y de  prevención no violenta de conflictos mediante una reflexión compartida e incluyente entre actores diversos en situaciones de conflictividad en todos sus niveles.</p>
<p align="justify">La superación de la situación sistémica de no diálogo en México requiere de reflexiones y acciones encaminadas a la construcción de la paz, y por esto es importante la interacción entre agentes nacionales e internacionales que buscan (o han buscado) este objetivo.</p>
<div align="justify">Por esta razón hemos difundido esfuerzos exitosos para la reconciliación y construcción de la paz por parte de instituciones civiles, eclesiásticas y gubernamentales; así como por organismos internacionales de amplio reconocimiento.</div>
<div align="justify"></div>
<p class="Estilo4" align="justify">Experiencias:</p>
<div align="justify">
<ul>
<li>Metodologías de construcción de la Paz y Resolución de Conflictos</li>
<li>Promoción del Diálogo</li>
<li>Prevención de conflictos en recursos Hídricos.</li>
<li>Materiales sobre no violencia</li>
</ul>
</div>
<p>[/vc_column_text][vc_separator color=»black»][vc_row_inner][vc_column_inner][vc_column_text]<span style="color: #0000ff;"><a style="color: #0000ff;" href="http://centrolindavista.org.mx/wp-content/uploads/2022/09/Rosa-Ines-Floriano-Estrategias-territoriales-de-Paz-Chapultepec-Julio-2019.pdf"> “Presentación de Rosa Inés Floriano sobre Estrategias Territoriales de Paz.” </a></span>[/vc_column_text][/vc_column_inner][/vc_row_inner][/vc_column][/vc_row]</p>

[vc_row][vc_column width=»1/4&#8243;][vc_wp_custommenu nav_menu=»37&#8243;][/vc_column][vc_column width=»3/4&#8243;][vc_column_text] El Centro Lindavista desea aportar espacios de formación, de toma de conciencia, y de compromisos que constituyan una verdadera cultura de paz y de  prevención no violenta de conflictos mediante una reflexión compartida e incluyente entre actores diversos en situaciones de conflictividad en todos sus niveles. La superación de la situación &#8230;
